{"id":1008,"date":"2015-10-27T16:20:17","date_gmt":"2015-10-27T16:20:17","guid":{"rendered":"http:\/\/internationaled.com\/programs\/long-short-term-programs\/?lang=de"},"modified":"2016-07-22T09:49:27","modified_gmt":"2016-07-22T09:49:27","slug":"long-short-term-programs","status":"publish","type":"page","link":"https:\/\/www.internationaled.com\/de\/programs\/long-short-term-programs\/","title":{"rendered":"L\u00e4ngerfristige Und Kurzfristige"},"content":{"rendered":"<div class=\"content\">\n<h2 class=\"green\">Laengerfrisitge Und Kurzfristige Schulaufenthalte<\/h2>\n<p>Unsere Programmangebote wurden so gestaltet, dass sie den Bed\u00fcrfnissen unserer internationalen Sch\u00fcler entsprechen \u2013 u.a. erhalten sie so die M\u00f6glichkeit, ihre Ausbildungsziele zu erreichen.<\/p>\n<h3 class=\"blue\">L\u00e4ngerfristige Schulaufenthalte<\/h3>\n<p><strong>Ganzes Schuljahr von Kindergarten (F\u00fcnfj\u00e4hrige) bis 12. Klasse <\/strong><\/p>\n<ul>\n<li>Unser am meisten gefragter Sprachaufenthalt<\/li>\n<\/ul>\n<p><strong>Halbes Schuljahr <\/strong><\/p>\n<ul>\n<li>Sekundarstufe \u2013 Beginn: Februar (F\u00fcnfmonatiges Semester)<\/li>\n<li>Mittel- und Elementarstufe \u2013 Beginn: Januar<\/li>\n<\/ul>\n<h3 class=\"blue\">Kurzfristige Schulaufenthalte<\/h3>\n<p><strong>Sommer-Intensivkurse Englisch und Kultur Programme<\/strong><\/p>\n<ul>\n<li>Sommer: Juli und August\n<ul>\n<li>W\u00f6chentliche Sprachaufenthalte<\/li>\n<li>1- bis 8-w\u00f6chige Sprachaufenthalte<\/li>\n<li>Teilnehmerspezifisch ausgerichtete Gruppenkurse<\/li>\n<\/ul>\n<\/li>\n<\/ul>\n<\/div>\n","protected":false},"excerpt":{"rendered":"<p>Laengerfrisitge Und Kurzfristige Schulaufenthalte Unsere Programmangebote wurden so gestaltet, dass sie den Bed\u00fcrfnissen unserer internationalen Sch\u00fcler entsprechen \u2013 u.a. erhalten sie so die M\u00f6glichkeit, ihre Ausbildungsziele zu erreichen. L\u00e4ngerfristige Schulaufenthalte Ganzes Schuljahr von Kindergarten (F\u00fcnfj\u00e4hrige) bis 12. Klasse Unser am meisten gefragter Sprachaufenthalt Halbes Schuljahr Sekundarstufe \u2013 Beginn: Februar (F\u00fcnfmonatiges Semester) Mittel- und Elementarstufe \u2013 &hellip; <a href=\"https:\/\/www.internationaled.com\/de\/programs\/long-short-term-programs\/\" class=\"more-link\">Continue reading <span class=\"screen-reader-text\">L\u00e4ngerfristige Und Kurzfristige<\/span> <span class=\"meta-nav\">&rarr;<\/span><\/a><\/p>\n","protected":false},"author":14,"featured_media":334,"parent":1002,"menu_order":1,"comment_status":"closed","ping_status":"closed","template":"page-standard.php","meta":{"footnotes":""},"class_list":["post-1008","page","type-page","status-publish","has-post-thumbnail","hentry"],"yoast_head":"<!-- This site is optimized with the Yoast SEO plugin v27.4 - https:\/\/yoast.com\/product\/yoast-seo-wordpress\/ -->\n<title>L\u00e4ngerfristige Und Kurzfristige - Coquitlam School District 43<\/title>\n<meta name=\"robots\" content=\"index, follow, max-snippet:-1, max-image-preview:large, max-video-preview:-1\" \/>\n<link rel=\"canonical\" href=\"https:\/\/www.internationaled.com\/de\/programs\/long-short-term-programs\/\" \/>\n<meta property=\"og:locale\" content=\"de_DE\" \/>\n<meta property=\"og:type\" content=\"article\" \/>\n<meta property=\"og:title\" content=\"L\u00e4ngerfristige Und Kurzfristige - Coquitlam School District 43\" \/>\n<meta property=\"og:description\" content=\"Laengerfrisitge Und Kurzfristige Schulaufenthalte Unsere Programmangebote wurden so gestaltet, dass sie den Bed\u00fcrfnissen unserer internationalen Sch\u00fcler entsprechen \u2013 u.a. erhalten sie so die M\u00f6glichkeit, ihre Ausbildungsziele zu erreichen. L\u00e4ngerfristige Schulaufenthalte Ganzes Schuljahr von Kindergarten (F\u00fcnfj\u00e4hrige) bis 12. Klasse Unser am meisten gefragter Sprachaufenthalt Halbes Schuljahr Sekundarstufe \u2013 Beginn: Februar (F\u00fcnfmonatiges Semester) Mittel- und Elementarstufe \u2013 &hellip; Continue reading L\u00e4ngerfristige Und Kurzfristige &rarr;\" \/>\n<meta property=\"og:url\" content=\"https:\/\/www.internationaled.com\/de\/programs\/long-short-term-programs\/\" \/>\n<meta property=\"og:site_name\" content=\"Coquitlam School District 43\" \/>\n<meta property=\"article:modified_time\" content=\"2016-07-22T09:49:27+00:00\" \/>\n<meta property=\"og:image\" content=\"https:\/\/www.internationaled.com\/wp-content\/uploads\/2015\/10\/fondo_long.jpg\" \/>\n\t<meta property=\"og:image:width\" content=\"1920\" \/>\n\t<meta property=\"og:image:height\" content=\"400\" \/>\n\t<meta property=\"og:image:type\" content=\"image\/jpeg\" \/>\n<meta name=\"twitter:card\" content=\"summary_large_image\" \/>\n<script type=\"application\/ld+json\" class=\"yoast-schema-graph\">{\"@context\":\"https:\\\/\\\/schema.org\",\"@graph\":[{\"@type\":\"WebPage\",\"@id\":\"https:\\\/\\\/www.internationaled.com\\\/de\\\/programs\\\/long-short-term-programs\\\/\",\"url\":\"https:\\\/\\\/www.internationaled.com\\\/de\\\/programs\\\/long-short-term-programs\\\/\",\"name\":\"L\u00e4ngerfristige Und Kurzfristige - Coquitlam School District 43\",\"isPartOf\":{\"@id\":\"https:\\\/\\\/www.internationaled.com\\\/ar\\\/#website\"},\"primaryImageOfPage\":{\"@id\":\"https:\\\/\\\/www.internationaled.com\\\/de\\\/programs\\\/long-short-term-programs\\\/#primaryimage\"},\"image\":{\"@id\":\"https:\\\/\\\/www.internationaled.com\\\/de\\\/programs\\\/long-short-term-programs\\\/#primaryimage\"},\"thumbnailUrl\":\"https:\\\/\\\/cdn.internationaled.com\\\/wp-content\\\/uploads\\\/2015\\\/10\\\/fondo_long.jpg\",\"datePublished\":\"2015-10-27T16:20:17+00:00\",\"dateModified\":\"2016-07-22T09:49:27+00:00\",\"breadcrumb\":{\"@id\":\"https:\\\/\\\/www.internationaled.com\\\/de\\\/programs\\\/long-short-term-programs\\\/#breadcrumb\"},\"inLanguage\":\"de-DE\",\"potentialAction\":[{\"@type\":\"ReadAction\",\"target\":[\"https:\\\/\\\/www.internationaled.com\\\/de\\\/programs\\\/long-short-term-programs\\\/\"]}]},{\"@type\":\"ImageObject\",\"inLanguage\":\"de-DE\",\"@id\":\"https:\\\/\\\/www.internationaled.com\\\/de\\\/programs\\\/long-short-term-programs\\\/#primaryimage\",\"url\":\"https:\\\/\\\/cdn.internationaled.com\\\/wp-content\\\/uploads\\\/2015\\\/10\\\/fondo_long.jpg\",\"contentUrl\":\"https:\\\/\\\/cdn.internationaled.com\\\/wp-content\\\/uploads\\\/2015\\\/10\\\/fondo_long.jpg\",\"width\":1920,\"height\":400},{\"@type\":\"BreadcrumbList\",\"@id\":\"https:\\\/\\\/www.internationaled.com\\\/de\\\/programs\\\/long-short-term-programs\\\/#breadcrumb\",\"itemListElement\":[{\"@type\":\"ListItem\",\"position\":1,\"name\":\"Home\",\"item\":\"https:\\\/\\\/www.internationaled.com\\\/de\\\/\"},{\"@type\":\"ListItem\",\"position\":2,\"name\":\"Programme\",\"item\":\"https:\\\/\\\/www.internationaled.com\\\/de\\\/programs\\\/\"},{\"@type\":\"ListItem\",\"position\":3,\"name\":\"L\u00e4ngerfristige Und Kurzfristige\"}]},{\"@type\":\"WebSite\",\"@id\":\"https:\\\/\\\/www.internationaled.com\\\/ar\\\/#website\",\"url\":\"https:\\\/\\\/www.internationaled.com\\\/ar\\\/\",\"name\":\"Coquitlam School District 43\",\"description\":\"Learning for a Lifetime\",\"potentialAction\":[{\"@type\":\"SearchAction\",\"target\":{\"@type\":\"EntryPoint\",\"urlTemplate\":\"https:\\\/\\\/www.internationaled.com\\\/ar\\\/?s={search_term_string}\"},\"query-input\":{\"@type\":\"PropertyValueSpecification\",\"valueRequired\":true,\"valueName\":\"search_term_string\"}}],\"inLanguage\":\"de-DE\"}]}<\/script>\n<!-- \/ Yoast SEO plugin. -->","yoast_head_json":{"title":"L\u00e4ngerfristige Und Kurzfristige - Coquitlam School District 43","robots":{"index":"index","follow":"follow","max-snippet":"max-snippet:-1","max-image-preview":"max-image-preview:large","max-video-preview":"max-video-preview:-1"},"canonical":"https:\/\/www.internationaled.com\/de\/programs\/long-short-term-programs\/","og_locale":"de_DE","og_type":"article","og_title":"L\u00e4ngerfristige Und Kurzfristige - Coquitlam School District 43","og_description":"Laengerfrisitge Und Kurzfristige Schulaufenthalte Unsere Programmangebote wurden so gestaltet, dass sie den Bed\u00fcrfnissen unserer internationalen Sch\u00fcler entsprechen \u2013 u.a. erhalten sie so die M\u00f6glichkeit, ihre Ausbildungsziele zu erreichen. L\u00e4ngerfristige Schulaufenthalte Ganzes Schuljahr von Kindergarten (F\u00fcnfj\u00e4hrige) bis 12. Klasse Unser am meisten gefragter Sprachaufenthalt Halbes Schuljahr Sekundarstufe \u2013 Beginn: Februar (F\u00fcnfmonatiges Semester) Mittel- und Elementarstufe \u2013 &hellip; Continue reading L\u00e4ngerfristige Und Kurzfristige &rarr;","og_url":"https:\/\/www.internationaled.com\/de\/programs\/long-short-term-programs\/","og_site_name":"Coquitlam School District 43","article_modified_time":"2016-07-22T09:49:27+00:00","og_image":[{"width":1920,"height":400,"url":"https:\/\/www.internationaled.com\/wp-content\/uploads\/2015\/10\/fondo_long.jpg","type":"image\/jpeg"}],"twitter_card":"summary_large_image","schema":{"@context":"https:\/\/schema.org","@graph":[{"@type":"WebPage","@id":"https:\/\/www.internationaled.com\/de\/programs\/long-short-term-programs\/","url":"https:\/\/www.internationaled.com\/de\/programs\/long-short-term-programs\/","name":"L\u00e4ngerfristige Und Kurzfristige - Coquitlam School District 43","isPartOf":{"@id":"https:\/\/www.internationaled.com\/ar\/#website"},"primaryImageOfPage":{"@id":"https:\/\/www.internationaled.com\/de\/programs\/long-short-term-programs\/#primaryimage"},"image":{"@id":"https:\/\/www.internationaled.com\/de\/programs\/long-short-term-programs\/#primaryimage"},"thumbnailUrl":"https:\/\/cdn.internationaled.com\/wp-content\/uploads\/2015\/10\/fondo_long.jpg","datePublished":"2015-10-27T16:20:17+00:00","dateModified":"2016-07-22T09:49:27+00:00","breadcrumb":{"@id":"https:\/\/www.internationaled.com\/de\/programs\/long-short-term-programs\/#breadcrumb"},"inLanguage":"de-DE","potentialAction":[{"@type":"ReadAction","target":["https:\/\/www.internationaled.com\/de\/programs\/long-short-term-programs\/"]}]},{"@type":"ImageObject","inLanguage":"de-DE","@id":"https:\/\/www.internationaled.com\/de\/programs\/long-short-term-programs\/#primaryimage","url":"https:\/\/cdn.internationaled.com\/wp-content\/uploads\/2015\/10\/fondo_long.jpg","contentUrl":"https:\/\/cdn.internationaled.com\/wp-content\/uploads\/2015\/10\/fondo_long.jpg","width":1920,"height":400},{"@type":"BreadcrumbList","@id":"https:\/\/www.internationaled.com\/de\/programs\/long-short-term-programs\/#breadcrumb","itemListElement":[{"@type":"ListItem","position":1,"name":"Home","item":"https:\/\/www.internationaled.com\/de\/"},{"@type":"ListItem","position":2,"name":"Programme","item":"https:\/\/www.internationaled.com\/de\/programs\/"},{"@type":"ListItem","position":3,"name":"L\u00e4ngerfristige Und Kurzfristige"}]},{"@type":"WebSite","@id":"https:\/\/www.internationaled.com\/ar\/#website","url":"https:\/\/www.internationaled.com\/ar\/","name":"Coquitlam School District 43","description":"Learning for a Lifetime","potentialAction":[{"@type":"SearchAction","target":{"@type":"EntryPoint","urlTemplate":"https:\/\/www.internationaled.com\/ar\/?s={search_term_string}"},"query-input":{"@type":"PropertyValueSpecification","valueRequired":true,"valueName":"search_term_string"}}],"inLanguage":"de-DE"}]}},"_links":{"self":[{"href":"https:\/\/www.internationaled.com\/de\/wp-json\/wp\/v2\/pages\/1008","targetHints":{"allow":["GET"]}}],"collection":[{"href":"https:\/\/www.internationaled.com\/de\/wp-json\/wp\/v2\/pages"}],"about":[{"href":"https:\/\/www.internationaled.com\/de\/wp-json\/wp\/v2\/types\/page"}],"author":[{"embeddable":true,"href":"https:\/\/www.internationaled.com\/de\/wp-json\/wp\/v2\/users\/14"}],"replies":[{"embeddable":true,"href":"https:\/\/www.internationaled.com\/de\/wp-json\/wp\/v2\/comments?post=1008"}],"version-history":[{"count":2,"href":"https:\/\/www.internationaled.com\/de\/wp-json\/wp\/v2\/pages\/1008\/revisions"}],"predecessor-version":[{"id":4694,"href":"https:\/\/www.internationaled.com\/de\/wp-json\/wp\/v2\/pages\/1008\/revisions\/4694"}],"up":[{"embeddable":true,"href":"https:\/\/www.internationaled.com\/de\/wp-json\/wp\/v2\/pages\/1002"}],"wp:featuredmedia":[{"embeddable":true,"href":"https:\/\/www.internationaled.com\/de\/wp-json\/wp\/v2\/media\/334"}],"wp:attachment":[{"href":"https:\/\/www.internationaled.com\/de\/wp-json\/wp\/v2\/media?parent=1008"}],"curies":[{"name":"wp","href":"https:\/\/api.w.org\/{rel}","templated":true}]}}

Längerfristige Und Kurzfristige

<div class="content">
<h2 class="green">Laengerfrisitge Und Kurzfristige Schulaufenthalte</h2>
<p>Unsere Programmangebote wurden so gestaltet, dass sie den Bedürfnissen unserer internationalen Schüler entsprechen – u.a. erhalten sie so die Möglichkeit, ihre Ausbildungsziele zu erreichen.</p>
<h3 class="blue">Längerfristige Schulaufenthalte</h3>
<p><strong>Ganzes Schuljahr von Kindergarten (Fünfjährige) bis 12. Klasse </strong></p>
<ul>
<li>Unser am meisten gefragter Sprachaufenthalt</li>
</ul>
<p><strong>Halbes Schuljahr </strong></p>
<ul>
<li>Sekundarstufe – Beginn: Februar (Fünfmonatiges Semester)</li>
<li>Mittel- und Elementarstufe – Beginn: Januar</li>
</ul>
<h3 class="blue">Kurzfristige Schulaufenthalte</h3>
<p><strong>Sommer-Intensivkurse Englisch und Kultur Programme</strong></p>
<ul>
<li>Sommer: Juli und August
<ul>
<li>Wöchentliche Sprachaufenthalte</li>
<li>1- bis 8-wöchige Sprachaufenthalte</li>
<li>Teilnehmerspezifisch ausgerichtete Gruppenkurse</li>
</ul>
</li>
</ul>
</div>

<p>Laengerfrisitge Und Kurzfristige Schulaufenthalte Unsere Programmangebote wurden so gestaltet, dass sie den Bedürfnissen unserer internationalen Schüler entsprechen – u.a. erhalten sie so die Möglichkeit, ihre Ausbildungsziele zu erreichen. Längerfristige Schulaufenthalte Ganzes Schuljahr von Kindergarten (Fünfjährige) bis 12. Klasse Unser am meisten gefragter Sprachaufenthalt Halbes Schuljahr Sekundarstufe – Beginn: Februar (Fünfmonatiges Semester) Mittel- und Elementarstufe – &hellip; <a href="https://www.internationaled.com/de/programs/long-short-term-programs/" class="more-link">Continue reading <span class="screen-reader-text">Längerfristige Und Kurzfristige</span> <span class="meta-nav">&rarr;</span></a></p>

<!-- This site is optimized with the Yoast SEO plugin v27.4 - https://yoast.com/product/yoast-seo-wordpress/ -->
<title>Längerfristige Und Kurzfristige - Coquitlam School District 43</title>
<meta name="robots" content="index, follow, max-snippet:-1, max-image-preview:large, max-video-preview:-1" />
<link rel="canonical" href="https://www.internationaled.com/de/programs/long-short-term-programs/" />
<meta property="og:locale" content="de_DE" />
<meta property="og:type" content="article" />
<meta property="og:title" content="Längerfristige Und Kurzfristige - Coquitlam School District 43" />
<meta property="og:description" content="Laengerfrisitge Und Kurzfristige Schulaufenthalte Unsere Programmangebote wurden so gestaltet, dass sie den Bedürfnissen unserer internationalen Schüler entsprechen – u.a. erhalten sie so die Möglichkeit, ihre Ausbildungsziele zu erreichen. Längerfristige Schulaufenthalte Ganzes Schuljahr von Kindergarten (Fünfjährige) bis 12. Klasse Unser am meisten gefragter Sprachaufenthalt Halbes Schuljahr Sekundarstufe – Beginn: Februar (Fünfmonatiges Semester) Mittel- und Elementarstufe – &hellip; Continue reading Längerfristige Und Kurzfristige &rarr;" />
<meta property="og:url" content="https://www.internationaled.com/de/programs/long-short-term-programs/" />
<meta property="og:site_name" content="Coquitlam School District 43" />
<meta property="article:modified_time" content="2016-07-22T09:49:27+00:00" />
<meta property="og:image" content="https://www.internationaled.com/wp-content/uploads/2015/10/fondo_long.jpg" />
	<meta property="og:image:width" content="1920" />
	<meta property="og:image:height" content="400" />
	<meta property="og:image:type" content="image/jpeg" />
<meta name="twitter:card" content="summary_large_image" />
<script type="application/ld+json" class="yoast-schema-graph">{"@context":"https:\/\/schema.org","@graph":[{"@type":"WebPage","@id":"https:\/\/www.internationaled.com\/de\/programs\/long-short-term-programs\/","url":"https:\/\/www.internationaled.com\/de\/programs\/long-short-term-programs\/","name":"Längerfristige Und Kurzfristige - Coquitlam School District 43","isPartOf":{"@id":"https:\/\/www.internationaled.com\/ar\/#website"},"primaryImageOfPage":{"@id":"https:\/\/www.internationaled.com\/de\/programs\/long-short-term-programs\/#primaryimage"},"image":{"@id":"https:\/\/www.internationaled.com\/de\/programs\/long-short-term-programs\/#primaryimage"},"thumbnailUrl":"https:\/\/cdn.internationaled.com\/wp-content\/uploads\/2015\/10\/fondo_long.jpg","datePublished":"2015-10-27T16:20:17+00:00","dateModified":"2016-07-22T09:49:27+00:00","breadcrumb":{"@id":"https:\/\/www.internationaled.com\/de\/programs\/long-short-term-programs\/#breadcrumb"},"inLanguage":"de-DE","potentialAction":[{"@type":"ReadAction","target":["https:\/\/www.internationaled.com\/de\/programs\/long-short-term-programs\/"]}]},{"@type":"ImageObject","inLanguage":"de-DE","@id":"https:\/\/www.internationaled.com\/de\/programs\/long-short-term-programs\/#primaryimage","url":"https:\/\/cdn.internationaled.com\/wp-content\/uploads\/2015\/10\/fondo_long.jpg","contentUrl":"https:\/\/cdn.internationaled.com\/wp-content\/uploads\/2015\/10\/fondo_long.jpg","width":1920,"height":400},{"@type":"BreadcrumbList","@id":"https:\/\/www.internationaled.com\/de\/programs\/long-short-term-programs\/#breadcrumb","itemListElement":[{"@type":"ListItem","position":1,"name":"Home","item":"https:\/\/www.internationaled.com\/de\/"},{"@type":"ListItem","position":2,"name":"Programme","item":"https:\/\/www.internationaled.com\/de\/programs\/"},{"@type":"ListItem","position":3,"name":"Längerfristige Und Kurzfristige"}]},{"@type":"WebSite","@id":"https:\/\/www.internationaled.com\/ar\/#website","url":"https:\/\/www.internationaled.com\/ar\/","name":"Coquitlam School District 43","description":"Learning for a Lifetime","potentialAction":[{"@type":"SearchAction","target":{"@type":"EntryPoint","urlTemplate":"https:\/\/www.internationaled.com\/ar\/?s={search_term_string}"},"query-input":{"@type":"PropertyValueSpecification","valueRequired":true,"valueName":"search_term_string"}}],"inLanguage":"de-DE"}]}</script>
<!-- / Yoast SEO plugin. -->

Längerfristige Und Kurzfristige - Coquitlam School District 43

Laengerfrisitge Und Kurzfristige Schulaufenthalte Unsere Programmangebote wurden so gestaltet, dass sie den Bedürfnissen unserer internationalen Schüler entsprechen – u.a. erhalten sie so die Möglichkeit, ihre Ausbildungsziele zu erreichen. Längerfristige Schulaufenthalte Ganzes Schuljahr von Kindergarten (Fünfjährige) bis 12. Klasse Unser am meisten gefragter Sprachaufenthalt Halbes Schuljahr Sekundarstufe – Beginn: Februar (Fünfmonatiges Semester) Mittel- und Elementarstufe – &hellip; Continue reading Längerfristige Und Kurzfristige &rarr;
