{"id":1010,"date":"2015-10-27T16:20:37","date_gmt":"2015-10-27T16:20:37","guid":{"rendered":"http:\/\/internationaled.com\/programs\/academic-year\/?lang=de"},"modified":"2019-01-31T20:39:25","modified_gmt":"2019-01-31T20:39:25","slug":"academic-year","status":"publish","type":"page","link":"https:\/\/www.internationaled.com\/de\/programs\/academic-year\/","title":{"rendered":"Das Schuljahr"},"content":{"rendered":"<p>Coquitlam School District bietet International Students Vollzeit-Programme in Elementary, Middle und Sekundarstufen. Das Schuljahr beginnt im September und l\u00e4uft bis Ende Juni.Ein zweites Einlassdatum Januar steht f\u00fcr Grundsch\u00fcler und Mittelsch\u00fcler zur Verf\u00fcgung. Sekund\u00e4rstudenten k\u00f6nnen im Februar beginnen<\/p>\n<p>Unser Sekund\u00e4rprogramm umfasst zwei 5-Monats-Semester Anfang September bis Ende Januar und Anfang Februar bis Ende Juni. Die Programmgeb\u00fchr f\u00fcr ein ganzes Jahr des Unterrichts ist $ 16.500 einschlie\u00dflich medizinische Abdeckung.<\/p>\n<p>Unsere Grund- und Mittelschulprogramme bieten einen 10-monatigen Kindergarten zu Grade 8 Curriculum an internationale Studierende ab Anfang September bis Ende Juni. Wieder haben internationale Studierende die M\u00f6glichkeit, sp\u00e4ter zu beginnen, aber sie werden in eine aktuelle Klasse als Raum erlaubt gesetzt werden. Die Programmgeb\u00fchr f\u00fcr ein ganzes Jahr des Unterrichts ist $ 16.500 einschlie\u00dflich medizinische Abdeckung.<\/p>\n<h3 class=\"blue\">International Education Program Re-Application Process<\/h3>\n<p>1. F\u00fcllen Sie das Formular zur Wiederbewerbung aus, lassen Sie es von der Schule unterzeichnen und \u00fcbermitteln es an das B\u00fcro von International Education, egal ob Sie sich wiederbewerben oder nicht.<\/p>\n<p>2. Bezahlen Sie die Studiengeb\u00fchren und die Pflichtkrankenversicherung bitte zum vereinbarten F\u00e4lligkeitsdatum (15. Mai &amp; 15. Nov.) an das B\u00fcro von International Education. Dort wird Ihnen innerhalb von 2 Gesch\u00e4ftstagen eine Empfangsbest\u00e4tigung und ein erneuter Annahmebrief ausgestellt.<\/p>\n<p>3. Denken Sie daran, Ihre <a href=\"http:\/\/legacy.internationaled.com\/German\/study-permit.shtml\">Erlaubnis zum Studienaufenthalt<\/a> in Kanada 2-3 Monate vor Ablaufdatum zu verl\u00e4ngern.<\/p>\n","protected":false},"excerpt":{"rendered":"<p>Coquitlam School District bietet International Students Vollzeit-Programme in Elementary, Middle und Sekundarstufen. Das Schuljahr beginnt im September und l\u00e4uft bis Ende Juni.Ein zweites Einlassdatum Januar steht f\u00fcr Grundsch\u00fcler und Mittelsch\u00fcler zur Verf\u00fcgung. Sekund\u00e4rstudenten k\u00f6nnen im Februar beginnen Unser Sekund\u00e4rprogramm umfasst zwei 5-Monats-Semester Anfang September bis Ende Januar und Anfang Februar bis Ende Juni. Die Programmgeb\u00fchr &hellip; <a href=\"https:\/\/www.internationaled.com\/de\/programs\/academic-year\/\" class=\"more-link\">Continue reading <span class=\"screen-reader-text\">Das Schuljahr<\/span> <span class=\"meta-nav\">&rarr;<\/span><\/a><\/p>\n","protected":false},"author":14,"featured_media":335,"parent":1002,"menu_order":2,"comment_status":"closed","ping_status":"closed","template":"page-standard.php","meta":{"footnotes":""},"class_list":["post-1010","page","type-page","status-publish","has-post-thumbnail","hentry"],"yoast_head":"<!-- This site is optimized with the Yoast SEO plugin v27.4 - https:\/\/yoast.com\/product\/yoast-seo-wordpress\/ -->\n<title>Das Schuljahr - Coquitlam School District 43<\/title>\n<meta name=\"robots\" content=\"index, follow, max-snippet:-1, max-image-preview:large, max-video-preview:-1\" \/>\n<link rel=\"canonical\" href=\"https:\/\/www.internationaled.com\/de\/programs\/academic-year\/\" \/>\n<meta property=\"og:locale\" content=\"de_DE\" \/>\n<meta property=\"og:type\" content=\"article\" \/>\n<meta property=\"og:title\" content=\"Das Schuljahr - Coquitlam School District 43\" \/>\n<meta property=\"og:description\" content=\"Coquitlam School District bietet International Students Vollzeit-Programme in Elementary, Middle und Sekundarstufen. Das Schuljahr beginnt im September und l\u00e4uft bis Ende Juni.Ein zweites Einlassdatum Januar steht f\u00fcr Grundsch\u00fcler und Mittelsch\u00fcler zur Verf\u00fcgung. Sekund\u00e4rstudenten k\u00f6nnen im Februar beginnen Unser Sekund\u00e4rprogramm umfasst zwei 5-Monats-Semester Anfang September bis Ende Januar und Anfang Februar bis Ende Juni. Die Programmgeb\u00fchr &hellip; Continue reading Das Schuljahr &rarr;\" \/>\n<meta property=\"og:url\" content=\"https:\/\/www.internationaled.com\/de\/programs\/academic-year\/\" \/>\n<meta property=\"og:site_name\" content=\"Coquitlam School District 43\" \/>\n<meta property=\"article:modified_time\" content=\"2019-01-31T20:39:25+00:00\" \/>\n<meta property=\"og:image\" content=\"https:\/\/www.internationaled.com\/wp-content\/uploads\/2015\/10\/fondo_year.jpg\" \/>\n\t<meta property=\"og:image:width\" content=\"1920\" \/>\n\t<meta property=\"og:image:height\" content=\"400\" \/>\n\t<meta property=\"og:image:type\" content=\"image\/jpeg\" \/>\n<meta name=\"twitter:card\" content=\"summary_large_image\" \/>\n<meta name=\"twitter:label1\" content=\"Est. reading time\" \/>\n\t<meta name=\"twitter:data1\" content=\"1 minute\" \/>\n<script type=\"application\/ld+json\" class=\"yoast-schema-graph\">{\"@context\":\"https:\\\/\\\/schema.org\",\"@graph\":[{\"@type\":\"WebPage\",\"@id\":\"https:\\\/\\\/www.internationaled.com\\\/de\\\/programs\\\/academic-year\\\/\",\"url\":\"https:\\\/\\\/www.internationaled.com\\\/de\\\/programs\\\/academic-year\\\/\",\"name\":\"Das Schuljahr - Coquitlam School District 43\",\"isPartOf\":{\"@id\":\"https:\\\/\\\/www.internationaled.com\\\/ar\\\/#website\"},\"primaryImageOfPage\":{\"@id\":\"https:\\\/\\\/www.internationaled.com\\\/de\\\/programs\\\/academic-year\\\/#primaryimage\"},\"image\":{\"@id\":\"https:\\\/\\\/www.internationaled.com\\\/de\\\/programs\\\/academic-year\\\/#primaryimage\"},\"thumbnailUrl\":\"https:\\\/\\\/cdn.internationaled.com\\\/wp-content\\\/uploads\\\/2015\\\/10\\\/fondo_year.jpg\",\"datePublished\":\"2015-10-27T16:20:37+00:00\",\"dateModified\":\"2019-01-31T20:39:25+00:00\",\"breadcrumb\":{\"@id\":\"https:\\\/\\\/www.internationaled.com\\\/de\\\/programs\\\/academic-year\\\/#breadcrumb\"},\"inLanguage\":\"de-DE\",\"potentialAction\":[{\"@type\":\"ReadAction\",\"target\":[\"https:\\\/\\\/www.internationaled.com\\\/de\\\/programs\\\/academic-year\\\/\"]}]},{\"@type\":\"ImageObject\",\"inLanguage\":\"de-DE\",\"@id\":\"https:\\\/\\\/www.internationaled.com\\\/de\\\/programs\\\/academic-year\\\/#primaryimage\",\"url\":\"https:\\\/\\\/cdn.internationaled.com\\\/wp-content\\\/uploads\\\/2015\\\/10\\\/fondo_year.jpg\",\"contentUrl\":\"https:\\\/\\\/cdn.internationaled.com\\\/wp-content\\\/uploads\\\/2015\\\/10\\\/fondo_year.jpg\",\"width\":1920,\"height\":400},{\"@type\":\"BreadcrumbList\",\"@id\":\"https:\\\/\\\/www.internationaled.com\\\/de\\\/programs\\\/academic-year\\\/#breadcrumb\",\"itemListElement\":[{\"@type\":\"ListItem\",\"position\":1,\"name\":\"Home\",\"item\":\"https:\\\/\\\/www.internationaled.com\\\/de\\\/\"},{\"@type\":\"ListItem\",\"position\":2,\"name\":\"Programme\",\"item\":\"https:\\\/\\\/www.internationaled.com\\\/de\\\/programs\\\/\"},{\"@type\":\"ListItem\",\"position\":3,\"name\":\"Das Schuljahr\"}]},{\"@type\":\"WebSite\",\"@id\":\"https:\\\/\\\/www.internationaled.com\\\/ar\\\/#website\",\"url\":\"https:\\\/\\\/www.internationaled.com\\\/ar\\\/\",\"name\":\"Coquitlam School District 43\",\"description\":\"Learning for a Lifetime\",\"potentialAction\":[{\"@type\":\"SearchAction\",\"target\":{\"@type\":\"EntryPoint\",\"urlTemplate\":\"https:\\\/\\\/www.internationaled.com\\\/ar\\\/?s={search_term_string}\"},\"query-input\":{\"@type\":\"PropertyValueSpecification\",\"valueRequired\":true,\"valueName\":\"search_term_string\"}}],\"inLanguage\":\"de-DE\"}]}<\/script>\n<!-- \/ Yoast SEO plugin. -->","yoast_head_json":{"title":"Das Schuljahr - Coquitlam School District 43","robots":{"index":"index","follow":"follow","max-snippet":"max-snippet:-1","max-image-preview":"max-image-preview:large","max-video-preview":"max-video-preview:-1"},"canonical":"https:\/\/www.internationaled.com\/de\/programs\/academic-year\/","og_locale":"de_DE","og_type":"article","og_title":"Das Schuljahr - Coquitlam School District 43","og_description":"Coquitlam School District bietet International Students Vollzeit-Programme in Elementary, Middle und Sekundarstufen. Das Schuljahr beginnt im September und l\u00e4uft bis Ende Juni.Ein zweites Einlassdatum Januar steht f\u00fcr Grundsch\u00fcler und Mittelsch\u00fcler zur Verf\u00fcgung. Sekund\u00e4rstudenten k\u00f6nnen im Februar beginnen Unser Sekund\u00e4rprogramm umfasst zwei 5-Monats-Semester Anfang September bis Ende Januar und Anfang Februar bis Ende Juni. Die Programmgeb\u00fchr &hellip; Continue reading Das Schuljahr &rarr;","og_url":"https:\/\/www.internationaled.com\/de\/programs\/academic-year\/","og_site_name":"Coquitlam School District 43","article_modified_time":"2019-01-31T20:39:25+00:00","og_image":[{"width":1920,"height":400,"url":"https:\/\/www.internationaled.com\/wp-content\/uploads\/2015\/10\/fondo_year.jpg","type":"image\/jpeg"}],"twitter_card":"summary_large_image","twitter_misc":{"Est. reading time":"1 minute"},"schema":{"@context":"https:\/\/schema.org","@graph":[{"@type":"WebPage","@id":"https:\/\/www.internationaled.com\/de\/programs\/academic-year\/","url":"https:\/\/www.internationaled.com\/de\/programs\/academic-year\/","name":"Das Schuljahr - Coquitlam School District 43","isPartOf":{"@id":"https:\/\/www.internationaled.com\/ar\/#website"},"primaryImageOfPage":{"@id":"https:\/\/www.internationaled.com\/de\/programs\/academic-year\/#primaryimage"},"image":{"@id":"https:\/\/www.internationaled.com\/de\/programs\/academic-year\/#primaryimage"},"thumbnailUrl":"https:\/\/cdn.internationaled.com\/wp-content\/uploads\/2015\/10\/fondo_year.jpg","datePublished":"2015-10-27T16:20:37+00:00","dateModified":"2019-01-31T20:39:25+00:00","breadcrumb":{"@id":"https:\/\/www.internationaled.com\/de\/programs\/academic-year\/#breadcrumb"},"inLanguage":"de-DE","potentialAction":[{"@type":"ReadAction","target":["https:\/\/www.internationaled.com\/de\/programs\/academic-year\/"]}]},{"@type":"ImageObject","inLanguage":"de-DE","@id":"https:\/\/www.internationaled.com\/de\/programs\/academic-year\/#primaryimage","url":"https:\/\/cdn.internationaled.com\/wp-content\/uploads\/2015\/10\/fondo_year.jpg","contentUrl":"https:\/\/cdn.internationaled.com\/wp-content\/uploads\/2015\/10\/fondo_year.jpg","width":1920,"height":400},{"@type":"BreadcrumbList","@id":"https:\/\/www.internationaled.com\/de\/programs\/academic-year\/#breadcrumb","itemListElement":[{"@type":"ListItem","position":1,"name":"Home","item":"https:\/\/www.internationaled.com\/de\/"},{"@type":"ListItem","position":2,"name":"Programme","item":"https:\/\/www.internationaled.com\/de\/programs\/"},{"@type":"ListItem","position":3,"name":"Das Schuljahr"}]},{"@type":"WebSite","@id":"https:\/\/www.internationaled.com\/ar\/#website","url":"https:\/\/www.internationaled.com\/ar\/","name":"Coquitlam School District 43","description":"Learning for a Lifetime","potentialAction":[{"@type":"SearchAction","target":{"@type":"EntryPoint","urlTemplate":"https:\/\/www.internationaled.com\/ar\/?s={search_term_string}"},"query-input":{"@type":"PropertyValueSpecification","valueRequired":true,"valueName":"search_term_string"}}],"inLanguage":"de-DE"}]}},"_links":{"self":[{"href":"https:\/\/www.internationaled.com\/de\/wp-json\/wp\/v2\/pages\/1010","targetHints":{"allow":["GET"]}}],"collection":[{"href":"https:\/\/www.internationaled.com\/de\/wp-json\/wp\/v2\/pages"}],"about":[{"href":"https:\/\/www.internationaled.com\/de\/wp-json\/wp\/v2\/types\/page"}],"author":[{"embeddable":true,"href":"https:\/\/www.internationaled.com\/de\/wp-json\/wp\/v2\/users\/14"}],"replies":[{"embeddable":true,"href":"https:\/\/www.internationaled.com\/de\/wp-json\/wp\/v2\/comments?post=1010"}],"version-history":[{"count":6,"href":"https:\/\/www.internationaled.com\/de\/wp-json\/wp\/v2\/pages\/1010\/revisions"}],"predecessor-version":[{"id":5721,"href":"https:\/\/www.internationaled.com\/de\/wp-json\/wp\/v2\/pages\/1010\/revisions\/5721"}],"up":[{"embeddable":true,"href":"https:\/\/www.internationaled.com\/de\/wp-json\/wp\/v2\/pages\/1002"}],"wp:featuredmedia":[{"embeddable":true,"href":"https:\/\/www.internationaled.com\/de\/wp-json\/wp\/v2\/media\/335"}],"wp:attachment":[{"href":"https:\/\/www.internationaled.com\/de\/wp-json\/wp\/v2\/media?parent=1010"}],"curies":[{"name":"wp","href":"https:\/\/api.w.org\/{rel}","templated":true}]}}

<p>Coquitlam School District bietet International Students Vollzeit-Programme in Elementary, Middle und Sekundarstufen. Das Schuljahr beginnt im September und läuft bis Ende Juni.Ein zweites Einlassdatum Januar steht für Grundschüler und Mittelschüler zur Verfügung. Sekundärstudenten können im Februar beginnen</p>
<p>Unser Sekundärprogramm umfasst zwei 5-Monats-Semester Anfang September bis Ende Januar und Anfang Februar bis Ende Juni. Die Programmgebühr für ein ganzes Jahr des Unterrichts ist $ 16.500 einschließlich medizinische Abdeckung.</p>
<p>Unsere Grund- und Mittelschulprogramme bieten einen 10-monatigen Kindergarten zu Grade 8 Curriculum an internationale Studierende ab Anfang September bis Ende Juni. Wieder haben internationale Studierende die Möglichkeit, später zu beginnen, aber sie werden in eine aktuelle Klasse als Raum erlaubt gesetzt werden. Die Programmgebühr für ein ganzes Jahr des Unterrichts ist $ 16.500 einschließlich medizinische Abdeckung.</p>
<h3 class="blue">International Education Program Re-Application Process</h3>
<p>1. Füllen Sie das Formular zur Wiederbewerbung aus, lassen Sie es von der Schule unterzeichnen und übermitteln es an das Büro von International Education, egal ob Sie sich wiederbewerben oder nicht.</p>
<p>2. Bezahlen Sie die Studiengebühren und die Pflichtkrankenversicherung bitte zum vereinbarten Fälligkeitsdatum (15. Mai &amp; 15. Nov.) an das Büro von International Education. Dort wird Ihnen innerhalb von 2 Geschäftstagen eine Empfangsbestätigung und ein erneuter Annahmebrief ausgestellt.</p>
<p>3. Denken Sie daran, Ihre <a href="http://legacy.internationaled.com/German/study-permit.shtml">Erlaubnis zum Studienaufenthalt</a> in Kanada 2-3 Monate vor Ablaufdatum zu verlängern.</p>

<p>Coquitlam School District bietet International Students Vollzeit-Programme in Elementary, Middle und Sekundarstufen. Das Schuljahr beginnt im September und läuft bis Ende Juni.Ein zweites Einlassdatum Januar steht für Grundschüler und Mittelschüler zur Verfügung. Sekundärstudenten können im Februar beginnen Unser Sekundärprogramm umfasst zwei 5-Monats-Semester Anfang September bis Ende Januar und Anfang Februar bis Ende Juni. Die Programmgebühr &hellip; <a href="https://www.internationaled.com/de/programs/academic-year/" class="more-link">Continue reading <span class="screen-reader-text">Das Schuljahr</span> <span class="meta-nav">&rarr;</span></a></p>

<!-- This site is optimized with the Yoast SEO plugin v27.4 - https://yoast.com/product/yoast-seo-wordpress/ -->
<title>Das Schuljahr - Coquitlam School District 43</title>
<meta name="robots" content="index, follow, max-snippet:-1, max-image-preview:large, max-video-preview:-1" />
<link rel="canonical" href="https://www.internationaled.com/de/programs/academic-year/" />
<meta property="og:locale" content="de_DE" />
<meta property="og:type" content="article" />
<meta property="og:title" content="Das Schuljahr - Coquitlam School District 43" />
<meta property="og:description" content="Coquitlam School District bietet International Students Vollzeit-Programme in Elementary, Middle und Sekundarstufen. Das Schuljahr beginnt im September und läuft bis Ende Juni.Ein zweites Einlassdatum Januar steht für Grundschüler und Mittelschüler zur Verfügung. Sekundärstudenten können im Februar beginnen Unser Sekundärprogramm umfasst zwei 5-Monats-Semester Anfang September bis Ende Januar und Anfang Februar bis Ende Juni. Die Programmgebühr &hellip; Continue reading Das Schuljahr &rarr;" />
<meta property="og:url" content="https://www.internationaled.com/de/programs/academic-year/" />
<meta property="og:site_name" content="Coquitlam School District 43" />
<meta property="article:modified_time" content="2019-01-31T20:39:25+00:00" />
<meta property="og:image" content="https://www.internationaled.com/wp-content/uploads/2015/10/fondo_year.jpg" />
	<meta property="og:image:width" content="1920" />
	<meta property="og:image:height" content="400" />
	<meta property="og:image:type" content="image/jpeg" />
<meta name="twitter:card" content="summary_large_image" />
<meta name="twitter:label1" content="Est. reading time" />
	<meta name="twitter:data1" content="1 minute" />
<script type="application/ld+json" class="yoast-schema-graph">{"@context":"https:\/\/schema.org","@graph":[{"@type":"WebPage","@id":"https:\/\/www.internationaled.com\/de\/programs\/academic-year\/","url":"https:\/\/www.internationaled.com\/de\/programs\/academic-year\/","name":"Das Schuljahr - Coquitlam School District 43","isPartOf":{"@id":"https:\/\/www.internationaled.com\/ar\/#website"},"primaryImageOfPage":{"@id":"https:\/\/www.internationaled.com\/de\/programs\/academic-year\/#primaryimage"},"image":{"@id":"https:\/\/www.internationaled.com\/de\/programs\/academic-year\/#primaryimage"},"thumbnailUrl":"https:\/\/cdn.internationaled.com\/wp-content\/uploads\/2015\/10\/fondo_year.jpg","datePublished":"2015-10-27T16:20:37+00:00","dateModified":"2019-01-31T20:39:25+00:00","breadcrumb":{"@id":"https:\/\/www.internationaled.com\/de\/programs\/academic-year\/#breadcrumb"},"inLanguage":"de-DE","potentialAction":[{"@type":"ReadAction","target":["https:\/\/www.internationaled.com\/de\/programs\/academic-year\/"]}]},{"@type":"ImageObject","inLanguage":"de-DE","@id":"https:\/\/www.internationaled.com\/de\/programs\/academic-year\/#primaryimage","url":"https:\/\/cdn.internationaled.com\/wp-content\/uploads\/2015\/10\/fondo_year.jpg","contentUrl":"https:\/\/cdn.internationaled.com\/wp-content\/uploads\/2015\/10\/fondo_year.jpg","width":1920,"height":400},{"@type":"BreadcrumbList","@id":"https:\/\/www.internationaled.com\/de\/programs\/academic-year\/#breadcrumb","itemListElement":[{"@type":"ListItem","position":1,"name":"Home","item":"https:\/\/www.internationaled.com\/de\/"},{"@type":"ListItem","position":2,"name":"Programme","item":"https:\/\/www.internationaled.com\/de\/programs\/"},{"@type":"ListItem","position":3,"name":"Das Schuljahr"}]},{"@type":"WebSite","@id":"https:\/\/www.internationaled.com\/ar\/#website","url":"https:\/\/www.internationaled.com\/ar\/","name":"Coquitlam School District 43","description":"Learning for a Lifetime","potentialAction":[{"@type":"SearchAction","target":{"@type":"EntryPoint","urlTemplate":"https:\/\/www.internationaled.com\/ar\/?s={search_term_string}"},"query-input":{"@type":"PropertyValueSpecification","valueRequired":true,"valueName":"search_term_string"}}],"inLanguage":"de-DE"}]}</script>
<!-- / Yoast SEO plugin. -->

Coquitlam School District bietet International Students Vollzeit-Programme in Elementary, Middle und Sekundarstufen. Das Schuljahr beginnt im September und läuft bis Ende Juni.Ein zweites Einlassdatum Januar steht für Grundschüler und Mittelschüler zur Verfügung. Sekundärstudenten können im Februar beginnen Unser Sekundärprogramm umfasst zwei 5-Monats-Semester Anfang September bis Ende Januar und Anfang Februar bis Ende Juni. Die Programmgebühr &hellip; Continue reading Das Schuljahr &rarr;
